82074?
2, 3, 13679
What are the prime factors of 22613?
22613
List the prime factors of 94375.
5, 151
List the prime factors of 7092.
2, 3, 197
What are the prime factors of 80?
2, 5
List the prime factors of 93889.
93889
List the prime factors of 8884.
2, 2221
List the prime factors of 15930.
2, 3, 5, 59
What are the prime factors of 8318?
2, 4159
List the prime factors of 1007.
19, 53
List the prime factors of 47262.
2, 3, 7877
What are the prime factors of 8567?
13, 659
What are the prime factors of 3365?
5, 673
What are the prime factors of 23849?
7, 3407
List the prime factors of 381.
3, 127
What are the prime factors of 40775?
5, 7, 233
What are the prime factors of 2699?
2699
What are the prime factors of 4228?
2, 7, 151
What are the prime factors of 809?
809
What are the prime factors of 8725?
5, 349
List the prime factors of 197.
197
What are the prime factors of 153299?
41, 3739
What are the prime factors of 9948?
2, 3, 829
What are the prime factors of 1980?
2, 3, 5, 11
List the prime factors of 7090.
2, 5, 709
List the prime factors of 15583.
15583
What are the prime factors of 5841?
3, 11, 59
What are the prime factors of 91003?
11, 8273
List the prime factors of 1042.
2, 521
What are the prime factors of 11083?
11083
What are the prime factors of 232?
2, 29
What are the prime factors of 19978?
2, 7, 1427
List the prime factors of 166621.
7, 13, 1831
List the prime factors of 5749.
5749
List the prime factors of 1808.
2, 113
List the prime factors of 838.
2, 419
What are the prime factors of 6354?
2, 3, 353
List the prime factors of 504.
2, 3, 7
List the prime factors of 4362.
2, 3, 727
What are the prime factors of 109?
109
List the prime factors of 22697.
22697
List the prime factors of 103486.
2, 59, 877
List the prime factors of 23197.
23197
What are the prime factors of 805?
5, 7, 23
List the prime factors of 415.
5, 83
List the prime factors of 5906.
2, 2953
List the prime factors of 20737.
89, 233
List the prime factors of 36848.
2, 7, 47
List the prime factors of 28141.
107, 263
List the prime factors of 8660.
2, 5, 433
List the prime factors of 1329.
3, 443
List the prime factors of 785.
5, 157
List the prime factors of 1783.
1783
What are the prime factors of 12901?
7, 19, 97
What are the prime factors of 70522?
2, 37, 953
List the prime factors of 34103.
67, 509
What are the prime factors of 1498?
2, 7, 107
List the prime factors of 12914.
2, 11, 587
List the prime factors of 2853.
3, 317
List the prime factors of 130057.
130057
List the prime factors of 1123.
1123
List the prime factors of 869.
11, 79
List the prime factors of 26882.
2, 13441
What are the prime factors of 22976?
2, 359
List the prime factors of 128030.
2, 5, 7, 31, 59
What are the prime factors of 1429?
1429
What are the prime factors of 12994?
2, 73, 89
What are the prime factors of 948?
2, 3, 79
List the prime factors of 532.
2, 7, 19
What are the prime factors of 789?
3, 263
List the prime factors of 2638.
2, 1319
List the prime factors of 1525.
5, 61
What are the prime factors of 131?
131
What are the prime factors of 147057?
3, 49019
What are the prime factors of 379?
379
List the prime factors of 3066.
2, 3, 7, 73
List the prime factors of 1942.
2, 971
List the prime factors of 51014.
2, 23, 1109
What are the prime factors of 16497?
3, 13, 47
List the prime factors of 11919.
3, 29, 137
What are the prime factors of 1119?
3, 373
What are the prime factors of 9946?
2, 4973
What are the prime factors of 1722?
2, 3, 7, 41
List the prime factors of 2180.
2, 5, 109
What are the prime factors of 3063?
3, 1021
What are the prime factors of 7944?
2, 3, 331
What are the prime factors of 601?
601
List the prime factors of 1765.
5, 353
List the prime factors of 9679.
9679
List the prime factors of 13416.
2, 3, 13, 43
List the prime factors of 1498.
2, 7, 107
List the prime factors of 13257.
3, 491
List the prime factors of 21798.
2, 3, 7, 173
What are the prime factors of 2466?
2, 3, 137
List the prime factors of 2017.
2017
What are the prime factors of 18846?
2, 3, 349
What are the prime factors of 46?
2, 23
List the prime factors of 49929.
3, 11, 17, 89
List the prime factors of 2210.
2, 5, 13, 17
List the prime factors of 1396.
2, 349
What are the prime factors of 1069?
1069
List the prime factors of 1246.
2, 7, 89
List the prime factors of 2277.
3, 11, 23
What are the prime factors of 5757?
3, 19, 101
What are the prime factors of 4951?
4951
What are the prime factors of 454?
2, 227
What are the prime factors of 1242?
2, 3, 23
What are the prime factors of 15428?
2, 7, 19, 29
What are the prime factors of 26206?
2, 13103
List the prime factors of 48658.
2, 24329
List the prime factors of 34430.
2, 5, 11, 313
What are the prime factors of 2867?
47, 61
List the prime factors of 13699.
7, 19, 103
What are the prime factors of 11948?
2, 29, 103
List the prime factors of 129403.
129403
List the prime factors of 3025.
5, 11
List the prime factors of 43789.
43789
List the prime factors of 482.
2, 241
What are the prime factors of 89041?
89041
List the prime factors of 30139.
30139
What are the prime factors of 76525?
5, 3061
List the prime factors of 1052.
2, 263
What are the prime factors of 1473?
3, 491
What are the prime factors of 378?
2, 3, 7
List the prime factors of 1565.
5, 313
What are the prime factors of 1166?
2, 11, 53
What are the prime factors of 2357?
2357
List the prime factors of 31843.
7, 4549
What are the prime factors of 392?
2, 7
What are the prime factors of 39124?
2, 9781
List the prime factors of 373.
373
What are the prime factors of 63606?
2, 3, 10601
What are the prime factors of 63278?
2, 29, 1091
List the prime factors of 41670.
2, 3, 5, 463
List the prime factors of 37759.
61, 619
List the prime factors of 1527.
3, 509
List the prime factors of 244.
2, 61
What are the prime factors of 109?
109
What are the prime factors of 1251?
3, 139
List the prime factors of 1321.
1321
What are the prime factors of 34039?
34039
What are the prime factors of 53660?
2, 5, 2683
What are the prime factors of 18898?
2, 11, 859
What are the prime factors of 7265?
5, 1453
What are the prime factors of 2404?
2, 601
List the prime factors of 26640.
2, 3, 5, 37
What are the prime factors of 10476?
2, 3, 97
What are the prime factors of 1206?
2, 3, 67
What are the prime factors of 6825?
3, 5, 7, 13
List the prime factors of 128539.
173, 743
What are the prime factors of 144?
2, 3
What are the prime factors of 1681?
41
What are the prime factors of 597?
3, 199
List the prime factors of 2347.
2347
What are the prime factors of 23707?
151, 157
List the prime factors of 318.
2, 3, 53
List the prime factors of 55231.
11, 5021
List the prime factors of 675.
3, 5
What are the prime factors of 14350?
2, 5, 7, 41
What are the prime factors of 12628?
2, 7, 11, 41
List the prime factors of 5287.
17, 311
List the prime factors of 8648.
2, 23, 47
What are the prime factors of 69883?
11, 6353
List the prime factors of 1299.
3, 433
List the prime factors of 1931.
1931
List the prime factors of 535.
5, 107
What are the prime factors of 265?
5, 53
What are the prime factors of 4018?
2, 7, 41
List the prime factors of 1567.
1567
What are the prime factors of 703?
19, 37
What are the prime factors of 899?
29, 31
List the prime factors of 6794.
2, 43, 79
What are the prime factors of 72394?
2, 7, 5171
List the prime factors of 125214.
2, 3, 41, 509
List the prime factors of 52077.
3, 17359
What are the prime factors of 9167?
89, 103
What are the prime factors of 590?
2, 5, 59
What are the prime factors of 45072?
2, 3, 313
List the prime factors of 754.
2, 13, 29
What are the prime factors of 2712?
2, 3, 113
What are the prime factors of 19415?
5, 11, 353
List the prime factors of 47984.
2, 2999
List the prime factors of 3741.
3, 29, 43
What are the prime factors of 699?
3, 233
List the prime factors of 888.
2, 3, 37
List the prime factors of 12361.
47, 263
List the prime factors of 40653.
3, 4517
List the prime factors of 152.
2, 19
What are the prime factors of 19612?
2, 4903
What are the prime factors of 137?
137
What are the prime factors of 4523?
4523
List the prime factors of 146375.
5, 1171
What are the prime factors of 265?
5, 53
List the prime factors of 19758.
2